 1 = -58, -32 = -2*o - 4*s. What is the remainder when 32 is divided by o?
2
Suppose 2*p - 4*k = -11 + 3, 0 = 4*k - 20. Let q be -50 - -1*p/2. Let s = q - -104. Calculate the remainder when s is divided by 20.
17
Let z = 176 - 126. Calculate the remainder when z is divided by (-2 - (-25)/4)/((-3)/(-12)).
16
Let o(a) = a**2 + 3*a + 4. Calculate the remainder when 59 is divided by o(-6).
15
Suppose -3*w = 5*c - 3*c - 16, 0 = -4*c + 4*w - 8. What is the remainder when (132/9)/((6/9)/c) is divided by 23?
21
Suppose 185 = 5*v - 2*h, -2*h = 5*v - 109 - 76. What is the remainder when v is divided by (-295)/(-30) - 4/(-24)?
7
Suppose -5*o + 5 = 0, -3*i + 37 = -5*o - 45. What is the remainder when 345 is divided by i?
26
Let y(c) = -c**3 - 7*c**2 - c + 1. Let t be y(-7). Let h = t - 1. Calculate the remainder when 10 - 4/(-1*2) is divided by h.
5
Let j(y) = 2*y**3 - 15*y**2 - 21*y + 113. Let i = 106 + 89. Calculate the remainder when i is divided by j(8).
6
Suppose -39 = -66*g + 53*g. Suppose 7 - 4 = t. Let z = t - 2. Calculate the remainder when g is divided by z.
0
Let o(m) = m**2 + 138*m - 711. What is the remainder when 295 is divided by o(5)?
3
What is the remainder when 368 + ((-4)/(-12))/(1/(-12)) is divided by 74?
68
Let c = 145 - -72. Suppose 5*q - 4*u = -9*u + 345, 5*u - c = -3*q. Calculate the remainder when q is divided by 33.
31
Let j(p) = -2*p**3 - 25*p**2 + 16*p - 45. Let u(x) = x**3 + 13*x**2 - 8*x + 23. Let d(f) = -3*j(f) - 5*u(f). What is the remainder when d(-10) is divided by 34?
32
Let h(m) = 66*m**3 - 5*m**2 + 3*m - 2. Calculate the remainder when 147 is divided by h(1).
23
Let m(s) = s**2 - 12*s + 6. Let i be m(10). Let t = i - -17. What is the remainder when 616/24 + (-2)/t is divided by 14?
11
Let p = 35 + -21. Let y be (5 - (-12)/(-3)) + -531. Calculate the remainder when 3/(-2) + y/(-20) is divided by p.
11
Suppose 5*a - 20 = -s + 6*s, 0 = -3*a - 2*s + 2. Suppose 2*h - 2 = a*t, 4*t - 8*t = -8. What is the remainder when 36 is divided by 0 + h/(-3) - -14?
10
Let l(u) = 2*u - 1. Let j be l(2). Suppose 0 = -j*c + 94 + 29. Suppose -g + 1 = -7*v + 2*v, 2*v - 15 = -g. What is the remainder when c is divided by g?
8
What is the remainder when (2 - -66) + 16 + -24 is divided by 34?
26
Suppose 4*q - 24 = 16. Let r = -93 - q. Let b = r + 160. What is the remainder when b is divided by 10?
7
Let v = -3 + 3. Suppose 4*p + 4 = 2*r - 6, v = 3*r - p - 30. Suppose 4*d = -2*y + 82, 1 = 3*d - 5*y - 41. Calculate the remainder when d is divided by r.
8
Let r(k) = -2*k**3 - 6 + 22*k + 3*k**3 + 7*k**2 - 24*k. What is the remainder when r(-5) is divided by 19?
16
Let g(q) = -2*q**2 - 91*q + 15. Calculate the remainder when 131 is divided by g(-45).
11
Let q = 118 + 56. Calculate the remainder when q is divided by 62.
50
Suppose 0 = 12*u - 54 - 42. Calculate the remainder when 158 is divided by u.
6
Let i = 1193 + -1113. Calculate the remainder when i is divided by 12.
8
Let t = 85 - -60. Calculate the remainder when t is divided by 32.
17
Suppose 136*l - 142*l + 192 = 0. What is the remainder when 542 is divided by l?
30
Let n = 24 + -6. What is the remainder when -2 - -4 - 3*-23 is divided by n?
17
Calculate the remainder when (152 - 0)*(-357)/(-204) is divided by 85.
11
Let r = 87 - 71. Calculate the remainder when 301 is divided by r.
13
Let o = -94 - -171. What is the remainder when o is divided by 26?
25
Let s(d) = 4*d**2 - 25*d - 1. Let h be s(6). Calculate the remainder when h/28 + (-81)/(-4) is divided by 7.
6
Suppose 5*t = 134 - 14. Calculate the remainder when 84 is divided by 3*(176/t - (-4)/6).
12
Let m(p) = 8*p + 280. What is the remainder when m(-22) is divided by 37?
30
Let t be (-8)/(-20) - (-348)/5. Suppose -4*z + t = -2*z. Suppose 0 = -3*k - 8 + 65. What is the remainder when z is divided by k?
16
Suppose 0 = -17*h + 15*h - 10. Let v = 11 - h. Suppose -v*m = -12*m - 64. What is the remainder when m is divided by 6?
4
Suppose 3*w - 6 = 5*w, -4*a - 4*w + 36 = 0. Suppose 0*y = -a*y + 144. Calculate the remainder when 32 is divided by y.
8
Suppose n = -n - 3*s + 153, 0 = 4*n + 2*s - 318. What is the remainder when 404 is divided by n?
80
Let d(u) = -11*u**2 + 4*u + 1. Let i be d(-1). Suppose -2*o - 2*o - 180 = 0. Let m = i - o. What is the remainder when m is divided by 16?
15
Suppose -2 = -i, 3*y + 5*i - 33 = 2*y. Let u = y - 3. Calculate the remainder when (-1880)/(-32) - 9/12 is divided by u.
18
Let r = 39 - 18. Suppose -4*k = -29 + r. Calculate the remainder when 8 is divided by k.
0
Let k(b) = -2*b**3 - 162*b**2 - 161*b + 1. Calculate the remainder when 238 is divided by k(-80).
76
Suppose 4*q = 3*t - 22, 0*q - 47 = -3*t - q. Let b = t - 13. Calculate the remainder when b is divided by 1.
0
What is the remainder when 34 is divided by (-4)/(-8) + (-172)/(-8) + -2?
14
Let v = 135 + -33. What is the remainder when v is divided by 44?
14
Let h be 0/(-5)*(1 + -2). Suppose 4*l - 1021 = -h*l - 5*x, l - 257 = -3*x. Calculate the remainder when l is divided by 32.
30
Suppose -408 = -2*y - 10*y. Calculate the remainder when 142 is divided by y.
6
Suppose 2*u - 2*o - 34 = 0, 17 = -u - 5*o + 4. Let v be ((-8)/u)/(1/(-3)). What is the remainder when 9 is divided by 4 - (-3 + v + 0)?
4
Let y(b) = 2*b**3 - 2*b**2 - 4*b. Suppose -4*u + 5 = -7. Suppose 32*x = 18*x + 126. Calculate the remainder when y(u) is divided by x.
6
Suppose 0 = -6*h + 74 + 118. Suppose h*n - 260 = 27*n. Calculate the remainder when n is divided by 15.
7
Let d be (-54)/(-8) + 1/4. Suppose 70 = b + 3*c, 0 = -b + d*c - 2*c + 78. What is the remainder when b is divided by 13?
8
Suppose 5*y + 255 = 5*a, -a - 2*y = -5*y - 55. Calculate the remainder when a is divided by 17.
15
Let i = 187 - 162. Calculate the remainder when 171 is divided by i.
21
Suppose -3*p = 3*p + 36. Let j(d) = -d**3 - 5*d**2 + 7*d + 9. Suppose b - 32 = -3*b. Calculate the remainder when b is divided by j(p).
2
Suppose -12*v + 8*v - 50 = -2*z, -20 = 5*v. Suppose 0*l - 3*l + 144 = -3*q, 5*l - 243 = 2*q. What is the remainder when l is divided by z?
15
Let r(p) = 52*p + 1. Let o be r(1). Let w = -38 + o. Calculate the remainder when 58 is divided by w.
13
Suppose 3*n = 2*l + 29, 5*n + l - 2*l = 39. Let t(p) = -3 + 3 + 3*p + 5*p**2 + 1 + 3*p**2. Calculate the remainder when t(-2) is divided by n.
6
Calculate the remainder when 2/(-15) + 21112/390 is divided by 3.
0
Let x = 32 - 29. Suppose 50 = 3*n + 3*q + 2*q, -x*n = 3*q - 60. Calculate the remainder when ((-1067)/33)/(1/(-3)) is divided by n.
22
Suppose -6*d + 324 + 420 = 0. Calculate the remainder when d is divided by 25.
24
What is the remainder when 113 is divided by (34/(-4))/((-3)/(-6) - 1)?
11
Let t = -2277 - -4182. What is the remainder when t is divided by 12?
9
Let b = 3 + -7. Let l(r) = -45*r. What is the remainder when l(b) is divided by 26?
24
Suppose 12*a - 985 = 143. Let c = -25 + a. Suppose -1 = 2*r - 3*t - 49, -5*t = -r + 38. What is the remainder when c is divided by r?
15
Suppose -4*s + 4*t = 12, 2*s + 3 = 4*t - 1. Calculate the remainder when s/(-20) - 518/(-10) is divided by 11.
8
Suppose -3*q - 2*a = -637, -47*q + 2*a + 418 = -45*q. What is the remainder when q is divided by 4?
3
Let w(k) = -3*k - 10. Let h be w(-18). Let t = 58 - h. What is the remainder when 51 is divided by t?
9
Suppose 0 = m + 4*d - 18, 0 = -6*m + m + d + 90. Suppose -19*v + m*v = -56. What is the remainder when v is divided by 15?
11
Suppose 4*y + 3*t - 355 = 0, -229 = -4*y - 4*t + 127. Calculate the remainder when 228 is divided by y.
52
Suppose 3*t + 5*h - 141 = 2*t, 3*t - 4*h = 366. What is the remainder when t is divided by 43?
40
What is the remainder when (-8)/(-2) - (19 - 127)*2 is divided by 14?
10
Let x = 40 + -28. Suppose a - 3*n - 12 = -a, -2*n - x = -2*a. Calculate the remainder when 21 is divided by 15*4/a + -2.
5
Suppose m - 5*l - 22 = 0, -m = 2*l - 7 + 20. Let x = 20 + m. Calculate the remainder when 1/(-6) + (-1204)/(-24) is divided by x.
16
Suppose -2*i + 785 = 3*i. Suppose -2*a = 3*r - 42 - 195, -a = 2*r - i. Calculate the remainder when r is divided by 13.
12
Let s = 125 + -61. Let l = s + -55. What is the remainder when l is divided by 3?
0
Suppose 14*b - 13 = 309. Calculate the remainder when 114 is divided by b.
22
Let t(f) = -f**3 - 8*f*